me factors of d.
2063
Let d(o) = -o**3 - 7*o**2 + 2*o + 7. Let a(l) = l**3 + 7*l**2 - 3*l - 8. Let x(k) = -3*a(k) - 2*d(k). Let u = 17 - 25. List the prime factors of x(u).
2, 17
Let f(m) = -m**3 + 8*m**2 - 5*m - 8. Let o be f(7). Let b(y) = -y**3 + 7*y**2 - 4*y - 14. Let a be b(o). List the prime factors of (38/a)/(6/(-12)).
2, 19
List the prime factors of (1 - -1 - 1)/((-279)/(-180234)).
2, 17, 19
Let c(n) = 2*n**3 + n**2 - 20*n + 20. What are the prime factors of c(7)?
3, 5, 41
Let y = -15 + 15. Suppose -4*x - 20 + 64 = y. Let i = 4 + x. What are the prime factors of i?
3, 5
Suppose -3*n + 3920 = 2*n. What are the prime factors of (n/(-64))/(1/(-4))?
7
Let r(w) = w**3 - 9*w**2 + 4*w + 4. Let a be r(8). Let q = 43 + a. What are the prime factors of q - (-4)/(-3 + 1)?
13
What are the prime factors of (26/39)/(2/3912)?
2, 163
Let l(u) = u**2 - 36*u + 53. What are the prime factors of l(38)?
3, 43
Let f be (-1)/(-5) + (-123)/15. What are the prime factors of (f + -1)*((-40)/2 + 3)?
3, 17
Let q(x) = -27 + 16*x - 13*x - 10*x. List the prime factors of q(-11).
2, 5
Let m = -26 + 61. Suppose 6*d = d + m. Suppose -j + t = -4, -d*j + 2*j + 17 = -2*t. What are the prime factors of j?
3
Let d = -335 + 376. What are the prime factors of d?
41
Let v = 126 - 198. Let p be (v/(4 + -8))/2. What are the prime factors of (6/5)/(p/300)?
2, 5
Let q = -17 + 19. Suppose -4*v - q*m + 18 = 0, 4*v - 50 = -4*m - 22. List the prime factors of v.
2
Suppose 3*h = -4*h - 14. List the prime factors of 1078/8 - 6*h/(-16).
2, 67
Suppose -3*b = -12, b + 20 = 2*u + 5*b. Suppose 3*s - 183 = -6*n + u*n, -4*s - 4*n + 248 = 0. Suppose 3*v - 40 = s. What are the prime factors of v?
5, 7
What are the prime factors of (-170520)/(-770) - (2 - 84/33)?
2, 3, 37
Let r be 6/3 + (-1 + 124 - 3). Let f = -8 + r. List the prime factors of f.
2, 3, 19
Suppose 4*d = 3*d + 2. Suppose -d*k + 38 = -4*m, 2*k + 8*m = 4*m + 14. List the prime factors of k.
13
Suppose -5*l = i - 1958, l - i + 6*i = 406. Suppose -315 = -4*o + u, -u - l = -5*o + 3*u. List the prime factors of o.
79
Suppose -408 = 5*d + 3*m, -2*d + 8*m - 160 = 10*m. Let p = 209 + d. List the prime factors of p.
5
Let l(o) = 20*o**2 + 26*o + 368. List the prime factors of l(-14).
2, 3, 109
Suppose 0 = 2*r + a - 21, r - 6*r - 5*a + 45 = 0. Suppose 0*z + z + 11 = -2*y, 3*z = -5*y - 26. Let s = r + y. List the prime factors of s.
5
Let l = 743 - -450. List the prime factors of l.
1193
Let g(u) = -u**3 + 19*u**2 + 8*u + 34. Let i be (38/(-4))/((6/(-3))/4). What are the prime factors of g(i)?
2, 3, 31
Let d(f) = -16 + 3*f - 3*f - 9*f + f**2. List the prime factors of d(11).
2, 3
Suppose -4*t - 23 = -111. Let n be (-42)/9 + (-1)/3. Let r = n + t. List the prime factors of r.
17
Let d = 61 + -63. What are the prime factors of 1/d + (-317)/(-2)?
2, 79
Let k = -104 + 833. List the prime factors of k.
3
Suppose 66 = 8*l - 7*l - 5*z, -3*z = 4*l - 172. Suppose 3*f = 224 + l. List the prime factors of f.
2, 3, 5
Let f(g) = 16*g**2 + 4*g + 9. Let t be f(-2). Suppose -6*h + 4 = -2*h, s = -3*h + t. List the prime factors of s.
2, 31
Let t(p) = 18*p**3 - 3*p**2 + 2*p + 2. Let h be t(2). Suppose o + 16 = 3*c - 64, 3*o - h = -5*c. Suppose c + 18 = 3*g. What are the prime factors of g?
3, 5
Let p(k) = -k + 36. Suppose 5*o + 2*a - 36 = 0, -a + 3*a = 5*o - 44. List the prime factors of p(o).
2, 7
Suppose -3 = 3*t - 3*q, -5*q - 19 = -2*t - 10*q. Suppose -4*k - 3*y = 2*y - 102, -k + t*y = -19. List the prime factors of k.
23
Let m(i) = -3*i**2 - 7*i - 7 + 2*i**2 + 4*i + 2*i**2. Let q be m(5). Suppose 7 = v + 5*g, 53 = 4*v - 2*v - q*g. What are the prime factors of v?
2, 11
Suppose -62*i + 9*i + 16271 = 0. What are the prime factors of i?
307
Let o(r) = 6*r**2 - 9*r + 125. What are the prime factors of o(-14)?
1427
Suppose -14*p - g = -13*p - 190, 365 = 2*p - 3*g. List the prime factors of p.
11, 17
Let o(j) = 7*j - 1. Suppose 4*m + 5*t = 22 + 1, -3*t + 19 = 5*m. Let d be (-10 - -4)*(-1)/m. What are the prime factors of o(d)?
2, 5
Let r = -6922 - -10544. What are the prime factors of r?
2, 1811
Let f = -2 - 0. Let o be f - (4 + -2 + -8). Suppose 3*k + 36 = 4*g, o*k = 5*k. What are the prime factors of g?
3
Let k(l) = 10*l - 4. Let z(n) = 29*n - 12. Let f(v) = -8*k(v) + 3*z(v). List the prime factors of f(8).
2, 13
Suppose -36*n + 3791 = -1861. List the prime factors of n.
157
Suppose -72 = 4*d - 0. Let z = 23 + d. Suppose 41 = -z*u + 121. What are the prime factors of u?
2
What are the prime factors of (-6 - (-2629 + -4)) + 6?
2633
Let j = -499 - -946. List the prime factors of j.
3, 149
Let u be 2/9 - (-4 - (-870)/27). List the prime factors of (u + 26)*3/(3/(-56)).
2, 7
Let l be 1/3*2/(4/30). Suppose m + 5*x - 68 = 0, -3*m + l*x = -2*m - 68. What are the prime factors of m?
2, 17
Let f be (2/(-2) - -1) + -2. Let b(c) = -c**2 + 35*c - 20. Let q be b(34). Let v = q + f. List the prime factors of v.
2, 3
Let u = -72 + 192. Let j = 61 + -5. Suppose 3*i + 2*b = j + u, i + 5*b - 63 = 0. List the prime factors of i.
2, 29
Let r be -3*(14/(-3))/7. Suppose -r*o - 1075 = -7*o. Suppose -2*n - o = -7*n. What are the prime factors of n?
43
Suppose n + 2*n + 45 = 0. Let j = -9 - n. Suppose -j*s + 229 + 119 = 0. List the prime factors of s.
2, 29
Let i(u) be the second derivative of 5*u**3/6 - 3*u**2 + 17*u. List the prime factors of i(10).
2, 11
Let j(w) = 2*w**2 - 4*w + 6. List the prime factors of j(18).
2, 3, 97
Let r = 1 - -2. Let l(y) = -y + 6*y - 3 + y**3 + 0 - 3*y**2 + 2*y**2. List the prime factors of l(r).
2, 3, 5
Let p(a) = 5 - 10*a - a - 14. Suppose 0 = 11*s - 80 + 135. List the prime factors of p(s).
2, 23
Suppose -54*b + 5841 + 36765 = 0. What are the prime factors of b?
3, 263
Suppose -3*l - 2*i + 70 = -40, -2*l = 2*i - 72. List the prime factors of l.
2, 19
Let p(v) = -v**3 - v**2 - v - 8. Let k be p(0). List the prime factors of (-30)/((k - -4)/4).
2, 3, 5
Suppose 19 + 8 = 3*a. Let l(t) = -t**2 + 7*t + 29. List the prime factors of l(a).
11
Let t = -7 + 12. Suppose k + 92 = -5*d, -t*k + 2*d = 4*d + 529. Let r = -66 - k. List the prime factors of r.
41
Let o be ((-12)/(-10))/((-2)/(-5)). Suppose 0 = -3*h - 4*r + 364, o*r = -h - 0*r + 128. What are the prime factors of h?
2, 29
Let j be (-10)/(1 + 9/(-6)). Let a = j - 142. Let o = -84 - a. What are the prime factors of o?
2, 19
List the prime factors of (-3848)/(-52)*(21 - 1).
2, 5, 37
List the prime factors of 16*16/1 + 2*-1.
2, 127
List the prime factors of -1*(-1721 - 7) + 9.
3, 193
Let b(c) = 237*c + 128. What are the prime factors of b(2)?
2, 7, 43
Let r(m) = -18*m - 38. Let b = -19 + 11. List the prime factors of r(b).
2, 53
Let b(d) = d**2 + 2*d - 2. Let v(c) = c**3 + c**2 - 4*c - 1. Let x be v(-3). List the prime factors of b(x).
3, 11
Let v(z) = -50*z - 76. List the prime factors of v(-14).
2, 3, 13
Let x(p) = 26*p + 1. Suppose 2*t - 16 = a - 5, -t + 6 = -a. Let m = 6 - t. What are the prime factors of x(m)?
3
Suppose 11 = -10*p + 61. What are the prime factors of p/(-15)*-9*41?
3, 41
Suppose -3 = 2*z - 5*z. Let h = 3 - z. Suppose 5*i - h*i = 165. List the prime factors of i.
5, 11
Let m(x) = -773*x - 67. What are the prime factors of m(-1)?
2, 353
Suppose 179*u - 2694 = 178*u. List the prime factors of u.
2, 3, 449
What are the prime factors of (-1083)/(-6) + (-3)/6?
2, 3, 5
Let a be 180/150*((1 - 0) + 164). Suppose -2*l = a - 318. What are the prime factors of l?
2, 3, 5
Suppose 3*i - 5*b + 10 - 1 = 0, -5*i - 3*b = -19. Let f(n) = -n**2 + n - 4. Let u be f(i). List the prime factors of u*(21/(-2) - -3).
3, 5
Suppose 3*s = -26 + 35. What are the prime factors of 2/s + (-582)/(-18)?
3, 11
Let v(b) = -5*b + 4 - b**3 - 2*b**2 - 3*b + 4*b - 5*b**2. What are the prime factors of v(-7)?
2
Suppose -2 = -j - 0. Suppose 5*d = j*d - 3*f + 438, 5*d - f = 730. What are the prime factors of d?
2, 73
What are the prime factors of 127 - (-1 + -5 + 7)?
2, 3, 7
Let j = 14 - 9. Suppose 0 = -j*t - 11 - 19. List the prime factors of (-145)/(-11) - t/(-33).
13
Let b be 84/63*21/2. What are the prime factors of (-4 - b)*44/(-4)?
2, 3, 11
Suppose -5*i + 5266 = 2*p - 10192, -3*i = p - 9275. List the prime factors of i.
2, 773
Suppose -3*i + 34 = -5*s, i + 3*s - 2*s = -2. Suppose -i*x - 8 = -d, -5*d - x = -6*x - 70. Lis